821
What are the prime factors of 327549?
3, 41, 2663
List the prime factors of 1865506.
2, 79, 11807
What are the prime factors of 264489?
3, 131, 673
List the prime factors of 740991.
3, 23, 10739
List the prime factors of 119970.
2, 3, 5, 31, 43
What are the prime factors of 3467930?
2, 5, 346793
List the prime factors of 5929436.
2, 1482359
List the prime factors of 14674126.
2, 37, 59, 3361
What are the prime factors of 160833?
3, 53611
What are the prime factors of 13322646?
2, 3, 73, 10139
What are the prime factors of 26157243?
3, 7, 19, 65557
What are the prime factors of 4572890?
2, 5, 7, 65327
What are the prime factors of 290605?
5, 7, 19, 23
What are the prime factors of 1261547?
7, 180221
List the prime factors of 5616686.
2, 193, 14551
What are the prime factors of 3626878?
2, 43, 181, 233
What are the prime factors of 167089?
13, 12853
List the prime factors of 267860.
2, 5, 59, 227
What are the prime factors of 252759?
3, 13, 6481
List the prime factors of 1974006.
2, 3, 17, 6451
What are the prime factors of 4705545?
3, 5, 13, 59, 409
List the prime factors of 363229.
37, 9817
What are the prime factors of 43038107?
7, 6148301
What are the prime factors of 220615?
5, 44123
List the prime factors of 13681198.
2, 479, 14281
List the prime factors of 31992.
2, 3, 31, 43
List the prime factors of 525366.
2, 3, 23, 47
List the prime factors of 1257275.
5, 50291
What are the prime factors of 247579?
247579
List the prime factors of 637747.
11, 57977
What are the prime factors of 5210398?
2, 17, 153247
What are the prime factors of 156863?
7, 22409
What are the prime factors of 467682?
2, 3, 23, 3389
List the prime factors of 4435960.
2, 5, 110899
What are the prime factors of 200211?
3, 11, 6067
What are the prime factors of 9514157?
23, 167, 2477
What are the prime factors of 21714000?
2, 3, 5, 7, 11, 47
List the prime factors of 816532.
2, 204133
List the prime factors of 1356999.
3, 7, 19, 179
What are the prime factors of 1310581?
17, 77093
What are the prime factors of 572739?
3, 190913
What are the prime factors of 4907642?
2, 2453821
What are the prime factors of 670651?
73, 9187
What are the prime factors of 77837?
277, 281
List the prime factors of 482171.
17, 113, 251
List the prime factors of 151067.
7, 3083
What are the prime factors of 27111217?
7, 331, 11701
List the prime factors of 18719423.
18719423
List the prime factors of 150968.
2, 113, 167
What are the prime factors of 3358941?
3, 163, 6869
What are the prime factors of 27582283?
113, 244091
List the prime factors of 8463047.
37, 228731
List the prime factors of 557691.
3, 185897
List the prime factors of 16105091.
43, 374537
List the prime factors of 2136082.
2, 13, 29, 2833
List the prime factors of 6738629.
1999, 3371
List the prime factors of 3886206.
2, 3, 787, 823
List the prime factors of 88133.
31, 2843
List the prime factors of 1289078.
2, 7, 92077
What are the prime factors of 354703?
354703
List the prime factors of 890122.
2, 619, 719
What are the prime factors of 170133?
3, 56711
List the prime factors of 2594060.
2, 5, 7, 2647
What are the prime factors of 540500?
2, 5, 23, 47
List the prime factors of 77177.
71, 1087
List the prime factors of 1970290.
2, 5, 7, 4021
List the prime factors of 3592025.
5, 23, 6247
List the prime factors of 1406214.
2, 3, 26041
What are the prime factors of 524761?
19, 71, 389
List the prime factors of 190258.
2, 251, 379
List the prime factors of 10939299.
3, 7, 10631
What are the prime factors of 60698?
2, 11, 31, 89
List the prime factors of 568100.
2, 5, 13, 19, 23
What are the prime factors of 97009?
11, 8819
List the prime factors of 200193.
3, 7, 9533
List the prime factors of 9119994.
2, 3, 13, 116923
What are the prime factors of 9886051?
7, 67, 107, 197
What are the prime factors of 547610?
2, 5, 7, 7823
List the prime factors of 2703722.
2, 7, 47, 587
List the prime factors of 222367.
222367
List the prime factors of 125532.
2, 3, 11, 317
What are the prime factors of 270662?
2, 7, 19333
What are the prime factors of 10207882?
2, 73, 139, 503
List the prime factors of 8227026.
2, 3, 457057
What are the prime factors of 884506?
2, 7, 63179
What are the prime factors of 25585185?
3, 5, 1705679
List the prime factors of 6587680.
2, 5, 11, 19, 197
What are the prime factors of 9511487?
937, 10151
What are the prime factors of 3808832?
2, 59513
List the prime factors of 4551703.
13, 37, 9463
What are the prime factors of 2103453?
3, 11, 21247
What are the prime factors of 1046046?
2, 3, 313, 557
What are the prime factors of 2472531?
3, 17, 48481
List the prime factors of 766653.
3, 255551
List the prime factors of 2006590.
2, 5, 19, 59, 179
What are the prime factors of 17676172?
2, 431, 10253
List the prime factors of 1581082.
2, 59, 13399
List the prime factors of 636790.
2, 5, 7, 11, 827
List the prime factors of 4218561.
3, 52081
List the prime factors of 35826.
2, 3, 7, 853
What are the prime factors of 312905?
5, 62581
List the prime factors of 17834279.
17834279
List the prime factors of 825660.
2, 3, 5, 11, 139
What are the prime factors of 252577?
13, 19429
What are the prime factors of 105512?
2, 11, 109
What are the prime factors of 4499873?
7, 41, 15679
What are the prime factors of 332817?
3, 110939
List the prime factors of 110961.
3, 12329
List the prime factors of 170837.
170837
List the prime factors of 4958558.
2, 11, 257, 877
List the prime factors of 93209.
83, 1123
What are the prime factors of 2660122?
2, 1330061
What are the prime factors of 1242995?
5, 13, 1471
What are the prime factors of 256368?
2, 3, 7, 109
List the prime factors of 1538048.
2, 751
List the prime factors of 6626988.
2, 3, 43, 1427
What are the prime factors of 231496?
2, 19, 1523
What are the prime factors of 63146?
2, 31573
What are the prime factors of 3648211?
7, 521173
What are the prime factors of 2601502?
2, 1300751
What are the prime factors of 291790?
2, 5, 29179
What are the prime factors of 196274?
2, 13, 7549
What are the prime factors of 5067228?
2, 3, 29, 14561
What are the prime factors of 3660278?
2, 277, 6607
List the prime factors of 752699.
752699
List the prime factors of 609040.
2, 5, 23, 331
List the prime factors of 12353472.
2, 3, 2383
What are the prime factors of 1137747?
3, 13, 29173
List the prime factors of 30148149.
3, 53, 127, 1493
List the prime factors of 194904.
2, 3, 2707
List the prime factors of 338215.
5, 17, 23, 173
List the prime factors of 1831065.
3, 5, 59, 2069
What are the prime factors of 408214?
2, 204107
What are the prime factors of 287940?
2, 3, 5, 4799
What are the prime factors of 2113440?
2, 3, 5, 7, 17, 37
List the prime factors of 2681827.
2681827
What are the prime factors of 20223561?
3, 2311, 2917
List the prime factors of 29440137.
3, 109, 90031
What are the prime factors of 12651166?
2, 11, 575053
What are the prime factors of 634205?
5, 11, 13, 887
List the prime factors of 1111910.
2, 5, 111191
List the prime factors of 138936.
2, 3, 7, 827
What are the prime factors of 4536785?
5, 11, 82487
What are the prime factors of 4764535?
5, 19, 50153
What are the prime factors of 2616986?
2, 23, 56891
List the prime factors of 948716.
2, 237179
List the prime factors of 1217172.
2, 3, 11, 9221
What are the prime factors of 512004?
2, 3, 42667
List the prime factors of 736700.
2, 5, 53, 139
List the prime factors of 1668264.
2, 3, 13, 5347
List the prime factors of 5765678.
2, 47, 83, 739
What are the prime factors of 358495?
5, 71699
What are the prime factors of 32741?
29, 1129
List the prime factors of 6653.
6653
List the prime factors of 309425.
5, 12377
List the prime factors of 12423450.
2, 3, 5, 13, 23, 277
List the prime factors of 230622.
2, 3, 7, 17, 19
List the prime factors of 224942.
2, 47, 2393
List the prime factors of 316405.
5, 63281
What are the prime factors of 386629?
386629
What are the prime factors of 3245064?
2, 3, 135211
List the prime factors of 218695.
5, 191, 229
What are the prime factors of 7857472?
2, 7, 17539
What are the prime factors of 262003?
7, 5347
What are the prime factors of 172348?
2, 11, 3917
What are the prime factors of 7851603?
3, 17, 153953
List the prime factors of 7037592.
2, 3, 17, 47, 367
What are the prime fa